actors of 17583164.
2, 29, 151579
What are the prime factors of 438949?
7, 73, 859
List the prime factors of 5818230.
2, 3, 5, 11, 653
List the prime factors of 201271.
7, 28753
List the prime factors of 13214122.
2, 31, 213131
What are the prime factors of 308362?
2, 154181
List the prime factors of 823511.
13, 63347
What are the prime factors of 128237?
128237
List the prime factors of 6973190.
2, 5, 7, 19, 107
What are the prime factors of 719369?
7, 53, 277
What are the prime factors of 31131344?
2, 1945709
What are the prime factors of 222262?
2, 19, 5849
List the prime factors of 499852.
2, 19, 6577
What are the prime factors of 6414?
2, 3, 1069
List the prime factors of 7693654.
2, 571, 6737
List the prime factors of 302148.
2, 3, 7, 11, 109
What are the prime factors of 316763?
173, 1831
List the prime factors of 25062123.
3, 8354041
List the prime factors of 407213.
313, 1301
List the prime factors of 889158.
2, 3, 148193
What are the prime factors of 2792357?
2792357
List the prime factors of 9670026.
2, 3, 251, 6421
What are the prime factors of 5466692?
2, 7, 11, 17749
List the prime factors of 2205927.
3, 81701
List the prime factors of 548144.
2, 34259
List the prime factors of 2379810.
2, 3, 5, 23, 3449
What are the prime factors of 886744?
2, 199, 557
What are the prime factors of 581074?
2, 13, 22349
What are the prime factors of 3068031?
3, 1022677
What are the prime factors of 5272037?
23, 47, 4877
What are the prime factors of 4763339?
7, 41, 2371
List the prime factors of 947716.
2, 7, 11, 17, 181
What are the prime factors of 433544?
2, 54193
What are the prime factors of 17988901?
7, 443, 5801
List the prime factors of 68918.
2, 17, 2027
List the prime factors of 10513585.
5, 2102717
What are the prime factors of 566680?
2, 5, 31, 457
List the prime factors of 4453868.
2, 523, 2129
What are the prime factors of 1674310?
2, 5, 11, 31, 491
What are the prime factors of 762?
2, 3, 127
What are the prime factors of 385768?
2, 48221
List the prime factors of 8920759.
79, 112921
List the prime factors of 7283937.
3, 41, 59219
List the prime factors of 698535.
3, 5, 19, 43
List the prime factors of 11481467.
11481467
What are the prime factors of 1082887?
13, 83299
What are the prime factors of 234495?
3, 5, 193
List the prime factors of 2018409.
3, 672803
What are the prime factors of 304750?
2, 5, 23, 53
List the prime factors of 13235855.
5, 367, 7213
What are the prime factors of 131527?
11, 1087
List the prime factors of 1080900.
2, 3, 5, 1201
List the prime factors of 20120346.
2, 3, 409, 911
What are the prime factors of 3337166?
2, 7, 238369
List the prime factors of 2491040.
2, 5, 15569
What are the prime factors of 21870387?
3, 7, 11, 19, 151
What are the prime factors of 81075?
3, 5, 23, 47
What are the prime factors of 8523367?
41, 449, 463
What are the prime factors of 1133112?
2, 3, 31, 1523
What are the prime factors of 1519458?
2, 3, 253243
What are the prime factors of 3650608?
2, 13, 17551
What are the prime factors of 549892?
2, 7, 41, 479
List the prime factors of 1773303.
3, 7, 84443
What are the prime factors of 343710?
2, 3, 5, 19, 67
What are the prime factors of 8281817?
23, 397, 907
List the prime factors of 2200960.
2, 5, 19, 181
List the prime factors of 1530094.
2, 765047
List the prime factors of 145645.
5, 29129
List the prime factors of 896180.
2, 5, 44809
What are the prime factors of 59438?
2, 113, 263
List the prime factors of 815128.
2, 101891
List the prime factors of 3340190.
2, 5, 7, 47717
List the prime factors of 3354796.
2, 347, 2417
List the prime factors of 1298685.
3, 5, 86579
What are the prime factors of 1082068?
2, 13, 20809
What are the prime factors of 5019603?
3, 659, 2539
What are the prime factors of 3156341?
3156341
List the prime factors of 731381.
7, 163, 641
List the prime factors of 305522.
2, 7, 139, 157
What are the prime factors of 19912909?
2287, 8707
List the prime factors of 3765153.
3, 7, 41, 4373
List the prime factors of 868021.
7, 11, 11273
What are the prime factors of 78236?
2, 19559
List the prime factors of 2987059.
661, 4519
List the prime factors of 619750.
2, 5, 37, 67
What are the prime factors of 3826572?
2, 3, 318881
List the prime factors of 451747.
451747
List the prime factors of 281343.
3, 191, 491
List the prime factors of 20603526.
2, 3, 163, 21067
What are the prime factors of 2241552?
2, 3, 17, 41, 67
List the prime factors of 7198352.
2, 7, 64271
What are the prime factors of 11328118?
2, 59, 96001
List the prime factors of 327948.
2, 3, 27329
What are the prime factors of 27442?
2, 13721
What are the prime factors of 396988?
2, 61, 1627
List the prime factors of 3823542.
2, 3, 212419
What are the prime factors of 1482964?
2, 7, 52963
List the prime factors of 1237578.
2, 3, 206263
List the prime factors of 372550.
2, 5, 7451
What are the prime factors of 1352269?
1352269
List the prime factors of 3591689.
157, 22877
What are the prime factors of 36079783?
2741, 13163
List the prime factors of 28766402.
2, 7, 89, 23087
List the prime factors of 275868.
2, 3, 79, 97
What are the prime factors of 17693129?
71, 249199
What are the prime factors of 422871?
3, 31, 4547
What are the prime factors of 801675?
3, 5, 7, 509
List the prime factors of 1880255.
5, 13, 28927
What are the prime factors of 7377094?
2, 647, 5701
List the prime factors of 4915885.
5, 13, 75629
What are the prime factors of 5632495?
5, 11, 102409
What are the prime factors of 10167921?
3, 17, 66457
What are the prime factors of 4542161?
13, 349397
List the prime factors of 2111593.
11, 97, 1979
What are the prime factors of 503941?
79, 6379
List the prime factors of 10040024.
2, 37, 107, 317
List the prime factors of 4197891.
3, 23, 83, 733
What are the prime factors of 377555?
5, 75511
List the prime factors of 2302666.
2, 1151333
What are the prime factors of 4633280?
2, 5, 14479
What are the prime factors of 273594?
2, 3, 45599
List the prime factors of 12012.
2, 3, 7, 11, 13
List the prime factors of 868910.
2, 5, 7, 12413
What are the prime factors of 587529?
3, 97, 673
What are the prime factors of 2642098?
2, 263, 5023
What are the prime factors of 1751239?
7, 101, 2477
What are the prime factors of 620089?
347, 1787
List the prime factors of 6808333.
7, 37, 97, 271
List the prime factors of 4665993.
3, 179, 8689
What are the prime factors of 5675672?
2, 547, 1297
What are the prime factors of 367596?
2, 3, 10211
What are the prime factors of 2072421?
3, 13, 17713
List the prime factors of 1239732.
2, 3, 13, 883
What are the prime factors of 6871239?
3, 763471
List the prime factors of 1075692.
2, 3, 17, 5273
What are the prime factors of 6846805?
5, 7, 53, 3691
What are the prime factors of 36186145?
5, 31, 157, 1487
List the prime factors of 140874.
2, 3, 53, 443
What are the prime factors of 746762?
2, 61, 6121
List the prime factors of 5851728.
2, 3, 40637
What are the prime factors of 2768092?
2, 127, 5449
What are the prime factors of 5123202?
2, 3, 7, 223, 547
What are the prime factors of 1034021?
43, 139, 173
What are the prime factors of 111067?
11, 23, 439
What are the prime factors of 460189?
460189
What are the prime factors of 10097127?
3, 433, 2591
List the prime factors of 1984751.
43, 101, 457
List the prime factors of 77018.
2, 97, 397
What are the prime factors of 1189232?
2, 11, 29, 233
What are the prime factors of 535614?
2, 3, 89269
What are the prime factors of 523995?
3, 5, 181, 193
What are the prime factors of 15324828?
2, 3, 1277069
What are the prime factors of 210506?
2, 105253
What are the prime factors of 467535?
3, 5, 71, 439
List the prime factors of 10596001.
13, 353, 2309
List the prime factors of 258890.
2, 5, 25889
List the prime factors of 1018758.
2, 3, 13, 37, 353
List the prime factors of 856321.
53, 107, 151
What are the prime factors of 5119368?
2, 3, 213307
What are the prime factors of 7869701?
7, 29, 38767
What are the prime factors of 2263407?
3, 23, 32803
List the prime factors of 5709651.
3, 197, 9661
List the prime factors of 4223143.
37, 157, 727
What are the prime factors of 45587?
45587
List the prime factors of 4304520.
2, 3, 5, 11, 1087
List the prime factors of 2744481.
3, 914827
List the prime factors of 1475